0 = 4*v - 9 - 11. Suppose 0 = -v*k + p*x - 0*x + 40, -k - 11 = 3*x. Let f(g) = -g**2 + 4*g - 5. Give f(k).
-5
Let f(l) = -l**3 - 4*l**2 - 3*l - 1. Let g = -5 + 2. Give f(g).
-1
Let i(d) = d**2 + d - 6. Let s be i(-3). Let l(z) = -z**3 + z**2 - z + 10. What is l(s)?
10
Let c(a) = a - 3. Let p be c(6). Suppose -5*i + i = -12. Let s(u) = -2*u**2 + 4*u**2 - u - i - 2*u. Give s(p).
6
Let w(r) = -2*r**2 - 2*r - 1. Let n be ((-6)/(-10))/(1/(-5)). Let v(j) = j**3 + 4*j**2 + 5*j + 4. Let z be v(n). Give w(z).
-5
Let o = -30 - -32. Let r(j) be the third derivative of -1/60*j**5 + 0*j + 1/2*j**3 - 3*j**o + 0*j**4 + 0. What is r(-3)?
-6
Let q(y) = -4*y**2 + y - 4*y**3 - y**3 + 6*y**3 - 1. Let i(a) = -a + 10. Let k be i(6). What is q(k)?
3
Let m(c) = c**3 - c**2 - c + 5. Let k be -2 - -4*(3 + -2). Let z(a) be the third derivative of -a**5/60 + a**4/12 + a**2. Let x be z(k). Calculate m(x).
5
Let f(g) = 6*g**2 + 2*g - 2. Let j(y) = 12*y**2 + 5*y - 5. Let s(u) = -5*f(u) + 2*j(u). Calculate s(-1).
-6
Let p(a) be the third derivative of a**6/120 + a**5/20 - 5*a**4/24 - 2*a**3/3 + 20*a**2. Give p(-3).
11
Suppose 50 = a + 56. Let h(q) = -q**3 - 6*q**2 - 2*q - 6. What is h(a)?
6
Suppose 0*v = 4*v - 36. Suppose -4*l + v*l = -10. Let k(f) = f - 2. Give k(l).
-4
Let f(w) = 2*w + 1. Let v(b) = b**2 - 6*b - 14. Let q be v(8). Give f(q).
5
Let s(q) = 6 + q**3 + 2*q - 5*q + 2*q + q**2. Give s(0).
6
Let a = 15 + -14. Let z(u) = 14*u**3 + 7*u**2 + 9*u. Let j(x) = 7*x**3 + 3*x**2 + 4*x. Let b(g) = 7*j(g) - 3*z(g). Calculate b(a).
8
Let d = 3 - 6. Let t(x) = 3*x - 7 + x**2 - 3*x**3 - 4*x + x**2. Let r(j) = 2*j**3 - 2*j**2 + 2*j + 6. Let v(c) = -4*r(c) - 3*t(c). Give v(d).
3
Let i = 30 - 24. Let n(x) = 7*x**3 - 10*x**2 - 21*x + 18. Let y(a) = -3*a**3 + 5*a**2 + 10*a - 9. Let q(f) = -2*n(f) - 5*y(f). What is q(i)?
-3
Let j(l) = -l**2 + 8*l - 7. Let v(c) = 2*c**2 - 16*c + 14. Let z(w) = 5*j(w) + 3*v(w). Determine z(6).
-5
Let j be 4/((10 + -8)*1/2). Let t(w) = -2*w**2 + 5*w - 6. Determine t(j).
-18
Let l(p) = p + 3. Let o(t) = 3*t + 8. Let f(m) = -17*l(m) + 6*o(m). Let x = -12 + 18. Let h = x - 1. Give f(h).
2
Let n = 22 - 28. Suppose 2*a - 40 = 6*a. Let c = a - n. Let j(q) = q - 4. Determine j(c).
-8
Suppose 10 = -3*d + 25. Let n(r) = -5*r**3 - 10*r**2 + 15*r - 17. Let s(c) = 4*c + c**2 - 2*c**3 - 4*c**2 + c - 6. Let x(v) = 3*n(v) - 8*s(v). Determine x(d).
-3
Let z(r) = 3*r**2 + 2*r - 1. Let m = 18 - 38. Let d be (-2)/(-4)*m/5. Determine z(d).
7
Let u(t) = 2*t + 3. Let o(s) = -s**3 + 4*s**2 - s - 1. Let x be o(3). Suppose 4*p = 4, 2*q + 4 + 5 = x*p. What is u(q)?
-1
Suppose -4 = h - 5*h. Suppose 5*t + 18 = -4*u - 15, 0 = -t + 3*u + h. Let f(w) = -w**3 - 4*w**2 + 7*w + 1. Calculate f(t).
-9
Let g(o) = o**2 + o**2 + 5*o + 4 + 2*o. Let x = 6 - 2. Suppose 8 = -u + x. What is g(u)?
8
Let m = -13 - -8. Suppose 2*k + 5 = 3*c + 3*k, 0 = -3*k - 12. Let q(p) = 4*p + 6*p**2 + p**c + 0 + 4 - 3. Calculate q(m).
6
Let b be 8*(-2)/(-4)*1. Let h(i) = i**2 + 4*i + 1. Let t(z) = z**2 + 5*z + 2. Suppose -4*p + 18 + 10 = 0. Let a(v) = p*h(v) - 6*t(v). Give a(b).
3
Let h(r) = r**3 - 4*r**2 + 3*r - 1. Let f be h(3). Let s(b) = -8*b + 1. Calculate s(f).
9
Let z(n) = n**2. Let a = -6 + 3. Calculate z(a).
9
Let v(s) = s**3 - 5*s**2 + 6*s - 1. Let n(q) = -q**2 + 1. Let d(g) = g**2 - g. Let m(u) = 5*d(u) + 4*n(u). Let a be m(5). Calculate v(a).
7
Let k(t) = -t + 2. Let n = -6 + 21. Suppose -9*h + 25 = -4*h. Suppose 2*b + b = -3*v - n, -b - 3*v - h = 0. Determine k(b).
7
Let c = -17 - -33. Suppose -3*k = 37 - c. Let f(o) = o**3 + 8*o**2 + 8*o + 8. Give f(k).
1
Suppose 0 = 2*y + y - 6. Suppose -o = j, 4*j + 0*o - o = 10. Suppose -i - 3*a - j = -0*i, -y*i - 4 = 2*a. Let f(u) = 2*u**2 + 2*u + 3. Determine f(i).
7
Let v = -3 - -4. Let n(o) = -7*o**3 - 3*o**2 - o - 1. Let s(h) = -7*h**3 - 4*h**2 - h - 2. Let p(m) = -3*n(m) + 2*s(m). Give p(v).
8
Let q be (0 - 2/(-6))*27. Let k be q*(0 - 1/(-3)). Let g(p) = -p**k - 4 + p + 3 + 2*p + p**2 - 2*p. Calculate g(2).
-3
Let d(q) be the second derivative of -q**4/12 - 3*q**3/2 - 4*q**2 - 2*q + 26. Give d(-6).
10
Let w(x) = -x**2 + x + 1. Suppose -19 = -5*m - f, -3*m + 3*f = 2*m - 23. Let u(n) = -8*n**2 - 3 - 2*n + m*n + 7. Let c(d) = -u(d) + 5*w(d). Give c(-2).
7
Let r be 10/(-35) + (-51)/(-7). Let m(n) = 9 + 0*n**2 - 3*n**2 - 7*n + r*n**2 - 3*n**2. Determine m(6).
3
Let h(p) = -p**2 + 7*p + 6. Suppose 2*b + 23 = 3*k + 3*b, 5*b + 5 = 0. What is h(k)?
-2
Let h(i) be the second derivative of -i**5/20 + i**4/12 - i**3/3 + i**2/2 - i. Suppose x + 7 = 4. Let k = -2 - x. Calculate h(k).
-1
Let b(s) be the third derivative of s**9/60480 - s**8/5040 - s**7/1008 - s**6/240 + s**5/15 - 4*s**2. Let a(d) be the third derivative of b(d). What is a(5)?
-3
Let p(w) = w**3 + 13*w**2 + 5. Let u be p(-13). Let b(k) = k**3 - 1. Let s(y) = -4*y**3 - 5*y**2 - 7*y + 12. Let h(q) = u*b(q) + s(q). Give h(6).
1
Suppose -3*r - 12 = 5*n - 40, -5*n + 22 = -3*r. Let a(y) = 4*y**2 + 3*y + 2. Let q(f) = -5*f**2 - 3*f - 1. Let i(o) = -6*a(o) - 5*q(o). Determine i(n).
3
Let m(x) = x**2 + 4*x - 3. Let r be m(-5). Suppose -r = t - 3*t. Let y(p) = 0 - p**2 + p - t - 5*p. Calculate y(-4).
-1
Suppose z + 5*y = -10, 5*z + 15 = 2*y - 8. Let n(r) be the second derivative of r**5/20 + r**4/3 - r**3/2 + 5*r**2/2 + 2*r. Give n(z).
-5
Let y(f) = 7*f**2 + 4*f - 4. Let r(m) = -m**2 - m + 1. Let w(c) = -6*r(c) - y(c). Determine w(3).
-5
Suppose n = 3*n - 3*z - 6, -n = 4*z - 25. Let j(d) = 0 - 7 + n - d. What is j(4)?
-2
Let c(x) = x - 1. Let o(d) = d + 1. Let v(w) = -5*w. Let s(j) = -6*o(j) - v(j). Let g(a) = -5*c(a) + s(a). What is g(2)?
-13
Let r(l) = -3*l - l - 4 - 3*l**2 + 7*l - l**3. Determine r(-3).
-13
Let t(g) = -g**3 + 3*g**2 - g - 2. Suppose -4*h = -5*l - 10, 0*h = -5*l - 4*h + 30. Determine t(l).
0
Let d = -16 - -14. Let k(w) be the first derivative of -2*w**2 - 2*w + 1. What is k(d)?
6
Let w = 28 + -15. Let i(t) = 2 + 14*t**3 - 2 + 3*t - 2*t**2 - w*t**3. Suppose 0 = -3*k + 5 + 1. Give i(k).
6
Let g(x) be the first derivative of x**2/2 - 4*x - 16. Give g(-3).
-7
Let h(p) = -p**2 - 4*p + 4. Suppose 2*u = -5 + 23. Let o be (-1)/(-3) + (-39)/u. Calculate h(o).
4
Let m(n) = n**2 - 6*n - 1. Suppose 5*u - 2*u = 15. What is m(u)?
-6
Let i(t) = 7*t + 1. Let w = 18 + -17. What is i(w)?
8
Let h be (-1)/10 - 6/(-60). Let a(r) be the third derivative of 3*r**2 - 1/6*r**4 + 0*r + h - 1/60*r**5 + 1/120*r**6 + 2/3*r**3. Determine a(3).
10
Let d be ((-3)/(-3))/((-1)/(-1)). Let q be (-1 - d)/2 + 7. Let s(t) = -t + q - t + 3*t. Give s(-5).
1
Let n(p) be the second derivative of p**4/12 - 7*p**3/6 + 5*p**2/2 + 3*p. What is n(7)?
5
Let t(j) be the first derivative of j**4/4 - j**3 - j**2 + j - 3. Let c be t(3). Let l(b) = 2*b - 4. Give l(c).
-14
Let y(z) = z**2 - 9*z + 7. Let m be 8/(-3)*-1*(2 - -1). What is y(m)?
-1
Let g(b) = b**2 - 2 + 5 - 3*b - 2*b**2. Let n(o) = 2*o**3 + o**2 - 2*o + 1. Let f be n(1). Give g(f).
-7
Let o(t) = -t + t**3 - 2*t**2 + 5 + 0*t + 3*t**2 + 2*t. Let a(g) = 1. Let s(d) = -2*a(d) - o(d). Suppose 4*q + 8 = 3*h - 4*h, -8 = -2*h + 4*q. What is s(h)?
-7
Let x(t) = 2*t**3 + t**2 + 2. Suppose -s = -4*y + 29, 2*s = 3*y - 49 + 6. Let l = 10 + s. Let h = l - -5. Determine x(h).
-10
Let g(s) = s - 6. Let j = -90 + 96. What is g(j)?
0
Let a be (3/(-2) - (-25)/10) + -6. Let n(q) = q**2 + 3*q - 3. Determine n(a).
7
Let y(l) = -2*l - 2*l**2 + 3 + l - 3. What is y(2)?
-10
Let f be (12/9)/(2/(-3)). Let w be -3 + 1 + (1 - f). Let p(z) = -2*z**2 - z. Determine p(w).
-3
Let d(o) = o**3 - 3*o**2 + 2*o + 2. Let y be d(2). Let c(r) = 2*r**2 + 0*r - 5 - r**y + r. Suppose 4*f + 13 = 13. Give c(f).
-5
Suppose 0 = 5*z - 2*v - 464, -288 = -2*z - z - 2*v. Let s(n) = -95*n + z*n + 0 + 1 + n**2 + 0*n**2. What is s(1)?
1
Let z(a) = a**2 - 6*a - 21. Let n be z(8). Let w(m) = m**2 + 5*m. Determine w(n).
0
Suppose g = 5*p - p + 7, g + 1 = 0. Let w(j) be the first derivative of -j**4/4 - 2*j**3/3 - 3*j**2/2 - j - 1. Determine w(p).
5
Let o(p) = p**3 + p**2 + p - 6. Let n be 1 + -1*(0 - 2). Let m be (-4)/(-14)*(4 + n). Suppose h = m*h. Give o(h).
-6
Let f(j) = j**3 + j - 6. Suppose -3*a + 2*a = 0. Suppose a*n = -3*n. Give f(n).
-6
Let y(i) = 5*i + 1. Suppose -4 = 4*c + 16. Give y(c).
-24
Let n(w) = w**3 + w + 6. Let t be n(-2